{"id":642,"date":"2015-11-24T05:41:19","date_gmt":"2015-11-24T05:41:19","guid":{"rendered":"http:\/\/logistics.stylemixthemes.com\/\/?page_id=642"},"modified":"2026-01-13T22:21:18","modified_gmt":"2026-01-13T19:21:18","slug":"hizmetlerimiz","status":"publish","type":"page","link":"https:\/\/adgm.com.tr\/?page_id=642","title":{"rendered":"Hizmetlerimiz"},"content":{"rendered":"<div class=\"wpb-content-wrapper\"><p>[vc_row css=&#8221;.vc_custom_1448347192284{margin-bottom: 70px !important;}&#8221;][vc_column offset=&#8221;vc_col-lg-4 vc_col-md-4&#8243;][vc_column_text css=&#8221;.vc_custom_1768332063462{margin-bottom: 40px !important;}&#8221;]<\/p>\n<h2>De\u011fi\u015fim G\u00fcmr\u00fck M\u00fc\u015favirli\u011fi<\/h2>\n<p>[\/vc_column_text][\/vc_column][vc_column width=&#8221;1\/2&#8243; offset=&#8221;vc_col-lg-4 vc_col-md-4&#8243;][vc_column_text]t\u00fcm d\u0131\u015f ticaret operasyonel uygunluk de\u011ferlendirmesi i\u015flemlerinde uzmand\u0131r. T\u00fcrkiye&#8217;de ilk olarak ba\u015flatt\u0131\u011f\u0131 uygunluk de\u011ferlendirmesi s\u0131ras\u0131ndaki operasyonel i\u015f s\u00fcre\u00e7leri, sahada bulunan operasyon personellerinin yapm\u0131\u015f oldu\u011fu data giri\u015fleri ile terminaller \u00fczerinden an be an kay\u0131t alt\u0131na al\u0131nmaktad\u0131r. Uygunluk de\u011ferlendirmesi s\u00fcre\u00e7lerinin i\u015flem ya da \u00fcr\u00fcn bazl\u0131 olarak kronolojisi kay\u0131t edilmektedir. \u0130stenildi\u011finde bu kay\u0131tlar internet \u00fczerinden g\u00f6r\u00fclebilmekte, ya da anl\u0131k e-posta olarak g\u00f6nderilip, istenilen aral\u0131klarda i\u015flem veya \u00fcr\u00fcn bazl\u0131 olarak, d\u00fczenli rapor al\u0131nabilmektedir.[\/vc_column_text][\/vc_column][vc_column width=&#8221;1\/2&#8243; offset=&#8221;vc_col-lg-4 vc_col-md-4&#8243; css=&#8221;.vc_custom_1703518389913{margin-top: 45px !important;border-top-width: 15px !important;}&#8221;][vc_column_text]Ayr\u0131ca, stratejik konumu sayesinde g\u00fcmr\u00fck m\u00fcd\u00fcrl\u00fcklerine yak\u0131n bir lokasyonda bulunmaktay\u0131z.[\/vc_column_text][\/vc_column][\/vc_row][vc_row full_width=&#8221;stretch_row&#8221; css=&#8221;.vc_custom_1448346440762{margin-bottom: 0px !important;padding-top: 80px !important;padding-bottom: 60px !important;background-color: #1b4562 !important;}&#8221;][vc_column][vc_row_inner css=&#8221;.vc_custom_1449136946410{margin-bottom: 0px !important;}&#8221;][vc_column_inner width=&#8221;1\/2&#8243; css=&#8221;.vc_custom_1449136957585{margin-bottom: 35px !important;}&#8221;][stm_icon icon_size=&#8221;73&#8243; icon_height=&#8221;100&#8243; title_font_size=&#8221;24&#8243; title_font_weight=&#8221;700&#8243; icon=&#8221;stm-transport839&#8243; title=&#8221;\u0130hracat Hizmetleri&#8221; text=&#8221;\u0130hracat Departman\u0131m\u0131z, ihracat ile ilgili t\u00fcm s\u00fcre\u00e7lerin takibi, mesleki kurum ve kurulu\u015flar da \u00f6n izinlerin al\u0131m\u0131 ve dan\u0131\u015fmanl\u0131k hizmetlerinin yan\u0131 s\u0131ra;<br \/>\n\u2022 \u0130hra\u00e7 edilecek e\u015fya ile ilgili \u00f6n \u00e7al\u0131\u015fman\u0131n yap\u0131lmas\u0131 (izinlerin vs. belirlenmesi)<br \/>\n\u2022 E\u015fya ile ilgili G.T.\u0130.P. tespiti<br \/>\n\u2022 E\u015fya t\u00fcr\u00fcne g\u00f6re ilgili ihracat\u00e7\u0131 birliklerine \u00fcyelik i\u015flemlerinin yapt\u0131r\u0131lmas\u0131<br \/>\n\u2022 ATR., EUR.1, Men\u015fe \u015eahadetnamesi d\u00fczenlenmesi ve onay\u0131 (\u00fclke durumuna g\u00f6re konsolosluk tasdik i\u015flemlerinin yap\u0131lmas\u0131)<br \/>\n\u2022 Sa\u011fl\u0131k Sertifikas\u0131, Kontrol Belgesi, TAREKS uygunluklar\u0131 v.b. i\u015flemlerin yap\u0131lmas\u0131<br \/>\n\u2022 Bilgisayar ortam\u0131nda beyannamenin d\u00fczenlenmesi ve operasyon i\u015flemlerinin tamamlanmas\u0131<br \/>\n\u2022 Y\u00fcklenen arac\u0131n g\u00fcmr\u00fck i\u015flemlerinin takibi<br \/>\n\u2022 Vesaiklerin nakliye firmas\u0131na teslimi<br \/>\n\u2022 Ge\u00e7ici ihracat i\u015flemlerinin ve evrak (D.\u0130.\u0130.B., ayniyat vs.)s\u00fcrelerinin takibi<br \/>\n\u2022 G\u00fcmr\u00fck \u00e7\u0131k\u0131\u015f beyannamesinin kapat\u0131lmas\u0131<br \/>\n\u2022 Evrak teslim formu ile evraklar\u0131n ve kapat\u0131lan g\u00fcmr\u00fck \u00e7\u0131k\u0131\u015f beyannamesinin ihracat\u00e7\u0131 n\u00fcshas\u0131n\u0131n firmaya teslimi&#8221; link=&#8221;url:%2Fservices%2Fsea-freight%2F||&#8221; title_color=&#8221;#ffffff&#8221; text_color=&#8221;#ffffff&#8221;][\/vc_column_inner][vc_column_inner width=&#8221;1\/2&#8243; css=&#8221;.vc_custom_1449136961602{margin-bottom: 35px !important;}&#8221;][stm_icon icon_size=&#8221;89&#8243; icon_height=&#8221;100&#8243; title_font_size=&#8221;24&#8243; title_font_weight=&#8221;700&#8243; icon=&#8221;stm-ship&#8221; title=&#8221;\u0130thalat Hizmetleri&#8221; text=&#8221;ithalat i\u015flemleri \u00f6ncesi al\u0131nmas\u0131 gereken her t\u00fcrl\u00fc \u00f6n izne ili\u015fkin (Kay\u0131t Belgesi, TSE, CE, Tar\u0131m \u0130l M\u00fcd\u00fcrl\u00fc\u011f\u00fc \u0130zni, \u0130thal Lisans\u0131, \u0130\u015eG\u00dcM vb.) m\u00fcracaatlar\u0131 takip eder, izinlerin al\u0131nmas\u0131n\u0131 ve belgelerin ilgili kurulu\u015ftan teminini bizzat ger\u00e7ekle\u015ftirir.<br \/>\n\u0130thalata konu e\u015fyan\u0131z, var\u0131\u015f ihbar\u0131n\u0131n taraf\u0131m\u0131za iletilmesinden sonra t\u00fcm g\u00fcmr\u00fck i\u015flemleri takip edilip sonu\u00e7land\u0131r\u0131lmaktad\u0131r.<br \/>\nBunlara ek olarak;<br \/>\n\u2022 \u0130thal edilecek e\u015fya ile ilgili \u00f6n \u00e7al\u0131\u015fma yap\u0131lmas\u0131 (kota, g\u00f6zetim, standardizasyon, sair k\u0131s\u0131tlama ve \u00f6n izinlerin tespiti)<br \/>\n\u2022 E\u015fya ile ilgili G.T.\u0130.P. tespiti<br \/>\n\u2022 Ordino ve banka evraklar\u0131n\u0131n al\u0131nmas\u0131<br \/>\n\u2022 Orijinal tasdikli ilgili belgelerin tasnifinin yap\u0131larak operasyon departman\u0131na teslimi<br \/>\n\u2022 Uygun rejimin ve i\u015flemin tatbiki (Serbest Dola\u015f\u0131ma Giri\u015f, Dahilde \u0130\u015fleme Rejimi, Antrepo Rejimi, Ge\u00e7ici \u0130thalat, Bedelsiz \u0130thalat, Fuar E\u015fyas\u0131, ATA Karnesi v.b.)<br \/>\n\u2022 G\u00fcmr\u00fck onay ve e\u015fyan\u0131n muayenesinin yap\u0131lmas\u0131<br \/>\n\u2022 Tahakkuklar\u0131n yap\u0131larak ilgili teminat ve vergilerin \u00f6demelerinin yap\u0131lmas\u0131<br \/>\n\u2022 Eksiklik, hasar veya hata durumunda tutanaklar\u0131n tutulmas\u0131 ve ilgili birimlerin bilgilendirilmesi<br \/>\n\u2022 \u0130lgili firman\u0131n vermi\u015f oldu\u011fu talimatta belirtilen adrese mal\u0131n fiziki teslimi<br \/>\n\u2022 Evrak teslim formu ile evraklar\u0131n m\u00fc\u015fteriye s\u00fcratle teslimi&#8221; title_color=&#8221;#ffffff&#8221; text_color=&#8221;#ffffff&#8221; link=&#8221;url:%2Fservices%2Fsea-freight%2F||&#8221;][\/vc_column_inner][\/vc_row_inner][vc_row_inner css=&#8221;.vc_custom_1449136951770{margin-bottom: 0px !important;}&#8221;][vc_column_inner width=&#8221;1\/2&#8243; css=&#8221;.vc_custom_1449136966415{margin-bottom: 35px !important;}&#8221;][stm_icon icon_size=&#8221;89&#8243; icon_height=&#8221;100&#8243; title_font_size=&#8221;24&#8243; title_font_weight=&#8221;700&#8243; icon=&#8221;stm-transport842&#8243; title=&#8221;Karayolu Ta\u015f\u0131mac\u0131l\u0131\u011f\u0131&#8221; text=&#8221;G\u00fcnport&#8217;un d\u00fcnya \u00e7ap\u0131ndaki a\u011f\u0131, \u00fcr\u00fcnlerinizin da\u011f\u0131t\u0131m\u0131 i\u00e7in \u015firketinizin etkili ve ki\u015fiye \u00f6zel yurt i\u00e7i ve s\u0131n\u0131r \u00f6tesi programlar geli\u015ftirmesine yard\u0131mc\u0131 olacak iyi konumlanm\u0131\u015f ve niteliklidir. Yol uzmanlar\u0131m\u0131z operasyonel m\u00fckemmelli\u011fin yan\u0131 s\u0131ra transit s\u00fcresi a\u00e7\u0131s\u0131ndan ihtiya\u00e7lar\u0131n\u0131z\u0131 kar\u015f\u0131layan uygun maliyetli \u00e7\u00f6z\u00fcmler sa\u011flayacakt\u0131r.&#8221; title_color=&#8221;#ffffff&#8221; text_color=&#8221;#ffffff&#8221; link=&#8221;url:%2Fservices%2Fsea-freight%2F||&#8221;][\/vc_column_inner][vc_column_inner width=&#8221;1\/2&#8243; css=&#8221;.vc_custom_1449136971250{margin-bottom: 35px !important;}&#8221;][stm_icon icon_size=&#8221;89&#8243; icon_height=&#8221;100&#8243; title_font_size=&#8221;24&#8243; title_font_weight=&#8221;700&#8243; icon=&#8221;stm-warehouse&#8221; title=&#8221;Depolama&#8221; text=&#8221;G\u00fcvenli ve \u00f6zenli depolama hizmetleri sunuyoruz. Geni\u015f kapal\u0131 alanlar\u0131m\u0131z ve modern depolama sistemlerimizle m\u00fc\u015fterilerimizin envanterlerini korumak ve y\u00f6netmek i\u00e7in ideal \u00e7\u00f6z\u00fcmler sunuyoruz. Depolama s\u00fcre\u00e7lerimizde titizlikle izlenen standartlar\u0131m\u0131z ve m\u00fc\u015fteri odakl\u0131 yakla\u015f\u0131m\u0131m\u0131zla, her t\u00fcrl\u00fc \u00fcr\u00fcn ve malzeme i\u00e7in esnek depolama se\u00e7enekleri sunuyoruz. M\u00fc\u015fterilerimizin ihtiya\u00e7lar\u0131na uygun \u00e7\u00f6z\u00fcmlerle depolama alan\u0131nda g\u00fcvenilir bir partner olmay\u0131 hedefliyoruz.&#8221; title_color=&#8221;#ffffff&#8221; text_color=&#8221;#ffffff&#8221; link=&#8221;url:%2Fservices%2Fsea-freight%2F||&#8221;][\/vc_column_inner][\/vc_row_inner][\/vc_column][\/vc_row][vc_row full_width=&#8221;stretch_row&#8221; el_class=&#8221;secondary_bg_color&#8221; css=&#8221;.vc_custom_1448346766847{margin-bottom: 80px !important;}&#8221;][vc_column][vc_cta h2=&#8221;Hemen \u0130leti\u015fime Ge\u00e7in!&#8221; shape=&#8221;square&#8221; add_button=&#8221;right&#8221; btn_title=&#8221;Telefon ile ara&#8221; btn_style=&#8221;outline&#8221; btn_shape=&#8221;round&#8221; btn_color=&#8221;white&#8221; btn_i_align=&#8221;right&#8221; btn_i_icon_fontawesome=&#8221;stm-arrow-next&#8221; btn_add_icon=&#8221;true&#8221; el_class=&#8221;secondary_bg_color&#8221; btn_link=&#8221;url:tel%3A02124513800&#8243;][\/vc_cta][\/vc_column][\/vc_row][vc_row css=&#8221;.vc_custom_1449137019491{margin-bottom: 40px !important;}&#8221;][vc_column width=&#8221;1\/2&#8243;][vc_column_text css=&#8221;.vc_custom_1703452903857{margin-bottom: 30px !important;}&#8221;]<\/p>\n<h3>Etkili \u00e7\u00f6z\u00fcmler<\/h3>\n<p>D\u00fcnya \u00e7ap\u0131ndaki \u00f6nde gelen \u015firketlerin karma\u015f\u0131k tedarik zincirleri i\u00e7in etkili \u00e7\u00f6z\u00fcmler sunma konusundaki deneyimimizden siz de faydalan\u0131n. Hava ve deniz ta\u015f\u0131mac\u0131l\u0131\u011f\u0131ndan basit geni\u015fletmelerden, depolama alan\u0131nda geli\u015fmelere ya da tamamen yeni entegre tedarik zinciri modellerine kadar her t\u00fcrl\u00fc yenilikten yararlanabilirsiniz. Sekt\u00f6rdeki \u00f6nc\u00fc bilgi birikimimiz ve esnek yakla\u015f\u0131m\u0131m\u0131zla, i\u015fletmenizin ihtiya\u00e7lar\u0131na \u00f6zel \u00e7\u00f6z\u00fcmler sunarak b\u00fcy\u00fcme ve verimlilik hedeflerinize destek olmak i\u00e7in buraday\u0131z.[\/vc_column_text][\/vc_column][vc_column width=&#8221;1\/2&#8243;][vc_single_image image=&#8221;1523&#8243; img_size=&#8221;full&#8221; alignment=&#8221;right&#8221;][\/vc_column][\/vc_row][vc_row full_width=&#8221;stretch_row_content_no_spaces&#8221; equal_height=&#8221;yes&#8221; content_placement=&#8221;top&#8221; el_class=&#8221;secondary_bg_color services_icons reset-sm-paddings&#8221; css=&#8221;.vc_custom_1450671531930{margin-bottom: 0px !important;}&#8221;][vc_column css=&#8221;.vc_custom_1449204255225{padding-top: 75px !important;padding-right: 115px !important;padding-bottom: 75px !important;padding-left: 115px !important;}&#8221; offset=&#8221;vc_col-lg-4 vc_col-md-4&#8243;][stm_icon icon_size=&#8221;67&#8243; icon_height=&#8221;90&#8243; title_font_size=&#8221;24&#8243; title_font_weight=&#8221;700&#8243; align=&#8221;center&#8221; icon=&#8221;stm-security&#8221; title=&#8221;G\u00fcvenli ve Sa\u011flam&#8221; icon_color=&#8221;#ffffff&#8221; title_color=&#8221;#ffffff&#8221; text_color=&#8221;#ffffff&#8221;][\/vc_column][vc_column css=&#8221;.vc_custom_1449204260881{padding-top: 75px !important;padding-right: 115px !important;padding-bottom: 75px !important;padding-left: 115px !important;background-color: rgba(0,0,0,0.1) !important;*background-color: rgb(0,0,0) !important;}&#8221; offset=&#8221;vc_col-lg-4 vc_col-md-4&#8243;][stm_icon icon_size=&#8221;67&#8243; icon_height=&#8221;90&#8243; title_font_size=&#8221;24&#8243; title_font_weight=&#8221;700&#8243; align=&#8221;center&#8221; icon=&#8221;stm-fast-delivery&#8221; title=&#8221;H\u0131zl\u0131 Teslimat&#8221; icon_color=&#8221;#ffffff&#8221; title_color=&#8221;#ffffff&#8221; text_color=&#8221;#ffffff&#8221;][\/vc_column][vc_column css=&#8221;.vc_custom_1449204266169{padding-top: 75px !important;padding-right: 115px !important;padding-bottom: 75px !important;padding-left: 115px !important;background-color: rgba(0,0,0,0.2) !important;*background-color: rgb(0,0,0) !important;}&#8221; offset=&#8221;vc_col-lg-4 vc_col-md-4&#8243;][stm_icon icon_size=&#8221;67&#8243; icon_height=&#8221;90&#8243; title_font_size=&#8221;24&#8243; title_font_weight=&#8221;700&#8243; align=&#8221;center&#8221; icon=&#8221;stm-support&#8221; title=&#8221;\u0130leti\u015fim S\u00fcreklili\u011fi&#8221; icon_color=&#8221;#ffffff&#8221; title_color=&#8221;#ffffff&#8221; text_color=&#8221;#ffffff&#8221;][\/vc_column][\/vc_row]<\/p>\n<\/div>","protected":false},"excerpt":{"rendered":"<p>[vc_row css=&#8221;.vc_custom_1448347192284{margin-bottom: 70px !important;}&#8221;][vc_column offset=&#8221;vc_col-lg-4 vc_col-md-4&#8243;][vc_column_text css=&#8221;.vc_custom_1768332063462{margin-bottom: 40px !important;}&#8221;] De\u011fi\u015fim G\u00fcmr\u00fck M\u00fc\u015favirli\u011fi [\/vc_column_text][\/vc_column][vc_column width=&#8221;1\/2&#8243; offset=&#8221;vc_col-lg-4 vc_col-md-4&#8243;][vc_column_text]t\u00fcm d\u0131\u015f ticaret operasyonel uygunluk de\u011ferlendirmesi i\u015flemlerinde uzmand\u0131r. T\u00fcrkiye&#8217;de ilk olarak ba\u015flatt\u0131\u011f\u0131 uygunluk de\u011ferlendirmesi s\u0131ras\u0131ndaki operasyonel i\u015f s\u00fcre\u00e7leri,&#8230;<\/p>\n","protected":false},"author":1,"featured_media":0,"parent":0,"menu_order":0,"comment_status":"closed","ping_status":"closed","template":"","meta":{"footnotes":""},"class_list":["post-642","page","type-page","status-publish","hentry"],"yoast_head":"<!-- This site is optimized with the Yoast SEO plugin v26.6 - https:\/\/yoast.com\/wordpress\/plugins\/seo\/ -->\n<title>Hizmetlerimiz - De\u011fi\u015fim G\u00fcmr\u00fck M\u00fc\u015favirligi<\/title>\n<meta name=\"robots\" content=\"index, follow, max-snippet:-1, max-image-preview:large, max-video-preview:-1\" \/>\n<link rel=\"canonical\" href=\"https:\/\/adgm.com.tr\/?page_id=642\" \/>\n<meta property=\"og:locale\" content=\"tr_TR\" \/>\n<meta property=\"og:type\" content=\"article\" \/>\n<meta property=\"og:title\" content=\"Hizmetlerimiz - De\u011fi\u015fim G\u00fcmr\u00fck M\u00fc\u015favirligi\" \/>\n<meta property=\"og:description\" content=\"[vc_row css=&#8221;.vc_custom_1448347192284{margin-bottom: 70px !important;}&#8221;][vc_column offset=&#8221;vc_col-lg-4 vc_col-md-4&#8243;][vc_column_text css=&#8221;.vc_custom_1768332063462{margin-bottom: 40px !important;}&#8221;] De\u011fi\u015fim G\u00fcmr\u00fck M\u00fc\u015favirli\u011fi [\/vc_column_text][\/vc_column][vc_column width=&#8221;1\/2&#8243; offset=&#8221;vc_col-lg-4 vc_col-md-4&#8243;][vc_column_text]t\u00fcm d\u0131\u015f ticaret operasyonel uygunluk de\u011ferlendirmesi i\u015flemlerinde uzmand\u0131r. T\u00fcrkiye&#8217;de ilk olarak ba\u015flatt\u0131\u011f\u0131 uygunluk de\u011ferlendirmesi s\u0131ras\u0131ndaki operasyonel i\u015f s\u00fcre\u00e7leri,...\" \/>\n<meta property=\"og:url\" content=\"https:\/\/adgm.com.tr\/?page_id=642\" \/>\n<meta property=\"og:site_name\" content=\"De\u011fi\u015fim G\u00fcmr\u00fck M\u00fc\u015favirligi\" \/>\n<meta property=\"article:publisher\" content=\"https:\/\/www.facebook.com\/profile.php?id=109573543886909&amp;paipv=0&amp;eav=AfaHbsgmfQCvt-LVJ4GEWmICBbee8wN3_yhOjs6gFYruWbVSuHctbV1s5X1AJCUjoKw&amp;_rdr\" \/>\n<meta property=\"article:modified_time\" content=\"2026-01-13T19:21:18+00:00\" \/>\n<meta name=\"twitter:card\" content=\"summary_large_image\" \/>\n<meta name=\"twitter:label1\" content=\"Tahmini okuma s\u00fcresi\" \/>\n\t<meta name=\"twitter:data1\" content=\"5 dakika\" \/>\n<script type=\"application\/ld+json\" class=\"yoast-schema-graph\">{\"@context\":\"https:\/\/schema.org\",\"@graph\":[{\"@type\":\"WebPage\",\"@id\":\"https:\/\/adgm.com.tr\/?page_id=642\",\"url\":\"https:\/\/adgm.com.tr\/?page_id=642\",\"name\":\"Hizmetlerimiz - De\u011fi\u015fim G\u00fcmr\u00fck M\u00fc\u015favirligi\",\"isPartOf\":{\"@id\":\"https:\/\/adgm.com.tr\/#website\"},\"datePublished\":\"2015-11-24T05:41:19+00:00\",\"dateModified\":\"2026-01-13T19:21:18+00:00\",\"breadcrumb\":{\"@id\":\"https:\/\/adgm.com.tr\/?page_id=642#breadcrumb\"},\"inLanguage\":\"tr\",\"potentialAction\":[{\"@type\":\"ReadAction\",\"target\":[\"https:\/\/adgm.com.tr\/?page_id=642\"]}]},{\"@type\":\"BreadcrumbList\",\"@id\":\"https:\/\/adgm.com.tr\/?page_id=642#breadcrumb\",\"itemListElement\":[{\"@type\":\"ListItem\",\"position\":1,\"name\":\"Home\",\"item\":\"https:\/\/adgm.com.tr\/\"},{\"@type\":\"ListItem\",\"position\":2,\"name\":\"Hizmetlerimiz\"}]},{\"@type\":\"WebSite\",\"@id\":\"https:\/\/adgm.com.tr\/#website\",\"url\":\"https:\/\/adgm.com.tr\/\",\"name\":\"De\u011fi\u015fim G\u00fcmr\u00fck M\u00fc\u015favirligi\",\"description\":\"G\u00fcmr\u00fckleme ve Lojistik\",\"potentialAction\":[{\"@type\":\"SearchAction\",\"target\":{\"@type\":\"EntryPoint\",\"urlTemplate\":\"https:\/\/adgm.com.tr\/?s={search_term_string}\"},\"query-input\":{\"@type\":\"PropertyValueSpecification\",\"valueRequired\":true,\"valueName\":\"search_term_string\"}}],\"inLanguage\":\"tr\"}]}<\/script>\n<!-- \/ Yoast SEO plugin. -->","yoast_head_json":{"title":"Hizmetlerimiz - De\u011fi\u015fim G\u00fcmr\u00fck M\u00fc\u015favirligi","robots":{"index":"index","follow":"follow","max-snippet":"max-snippet:-1","max-image-preview":"max-image-preview:large","max-video-preview":"max-video-preview:-1"},"canonical":"https:\/\/adgm.com.tr\/?page_id=642","og_locale":"tr_TR","og_type":"article","og_title":"Hizmetlerimiz - De\u011fi\u015fim G\u00fcmr\u00fck M\u00fc\u015favirligi","og_description":"[vc_row css=&#8221;.vc_custom_1448347192284{margin-bottom: 70px !important;}&#8221;][vc_column offset=&#8221;vc_col-lg-4 vc_col-md-4&#8243;][vc_column_text css=&#8221;.vc_custom_1768332063462{margin-bottom: 40px !important;}&#8221;] De\u011fi\u015fim G\u00fcmr\u00fck M\u00fc\u015favirli\u011fi [\/vc_column_text][\/vc_column][vc_column width=&#8221;1\/2&#8243; offset=&#8221;vc_col-lg-4 vc_col-md-4&#8243;][vc_column_text]t\u00fcm d\u0131\u015f ticaret operasyonel uygunluk de\u011ferlendirmesi i\u015flemlerinde uzmand\u0131r. T\u00fcrkiye&#8217;de ilk olarak ba\u015flatt\u0131\u011f\u0131 uygunluk de\u011ferlendirmesi s\u0131ras\u0131ndaki operasyonel i\u015f s\u00fcre\u00e7leri,...","og_url":"https:\/\/adgm.com.tr\/?page_id=642","og_site_name":"De\u011fi\u015fim G\u00fcmr\u00fck M\u00fc\u015favirligi","article_publisher":"https:\/\/www.facebook.com\/profile.php?id=109573543886909&paipv=0&eav=AfaHbsgmfQCvt-LVJ4GEWmICBbee8wN3_yhOjs6gFYruWbVSuHctbV1s5X1AJCUjoKw&_rdr","article_modified_time":"2026-01-13T19:21:18+00:00","twitter_card":"summary_large_image","twitter_misc":{"Tahmini okuma s\u00fcresi":"5 dakika"},"schema":{"@context":"https:\/\/schema.org","@graph":[{"@type":"WebPage","@id":"https:\/\/adgm.com.tr\/?page_id=642","url":"https:\/\/adgm.com.tr\/?page_id=642","name":"Hizmetlerimiz - De\u011fi\u015fim G\u00fcmr\u00fck M\u00fc\u015favirligi","isPartOf":{"@id":"https:\/\/adgm.com.tr\/#website"},"datePublished":"2015-11-24T05:41:19+00:00","dateModified":"2026-01-13T19:21:18+00:00","breadcrumb":{"@id":"https:\/\/adgm.com.tr\/?page_id=642#breadcrumb"},"inLanguage":"tr","potentialAction":[{"@type":"ReadAction","target":["https:\/\/adgm.com.tr\/?page_id=642"]}]},{"@type":"BreadcrumbList","@id":"https:\/\/adgm.com.tr\/?page_id=642#breadcrumb","itemListElement":[{"@type":"ListItem","position":1,"name":"Home","item":"https:\/\/adgm.com.tr\/"},{"@type":"ListItem","position":2,"name":"Hizmetlerimiz"}]},{"@type":"WebSite","@id":"https:\/\/adgm.com.tr\/#website","url":"https:\/\/adgm.com.tr\/","name":"De\u011fi\u015fim G\u00fcmr\u00fck M\u00fc\u015favirligi","description":"G\u00fcmr\u00fckleme ve Lojistik","potentialAction":[{"@type":"SearchAction","target":{"@type":"EntryPoint","urlTemplate":"https:\/\/adgm.com.tr\/?s={search_term_string}"},"query-input":{"@type":"PropertyValueSpecification","valueRequired":true,"valueName":"search_term_string"}}],"inLanguage":"tr"}]}},"_links":{"self":[{"href":"https:\/\/adgm.com.tr\/index.php?rest_route=\/wp\/v2\/pages\/642","targetHints":{"allow":["GET"]}}],"collection":[{"href":"https:\/\/adgm.com.tr\/index.php?rest_route=\/wp\/v2\/pages"}],"about":[{"href":"https:\/\/adgm.com.tr\/index.php?rest_route=\/wp\/v2\/types\/page"}],"author":[{"embeddable":true,"href":"https:\/\/adgm.com.tr\/index.php?rest_route=\/wp\/v2\/users\/1"}],"replies":[{"embeddable":true,"href":"https:\/\/adgm.com.tr\/index.php?rest_route=%2Fwp%2Fv2%2Fcomments&post=642"}],"version-history":[{"count":8,"href":"https:\/\/adgm.com.tr\/index.php?rest_route=\/wp\/v2\/pages\/642\/revisions"}],"predecessor-version":[{"id":1546,"href":"https:\/\/adgm.com.tr\/index.php?rest_route=\/wp\/v2\/pages\/642\/revisions\/1546"}],"wp:attachment":[{"href":"https:\/\/adgm.com.tr\/index.php?rest_route=%2Fwp%2Fv2%2Fmedia&parent=642"}],"curies":[{"name":"wp","href":"https:\/\/api.w.org\/{rel}","templated":true}]}}